{"id":3,"date":"2020-02-01T20:19:44","date_gmt":"2020-02-01T20:19:44","guid":{"rendered":"http:\/\/spinstitucional.com.br\/sports\/?page_id=3"},"modified":"2023-03-19T19:49:47","modified_gmt":"2023-03-19T22:49:47","slug":"politica-de-privacidade","status":"publish","type":"page","link":"https:\/\/spinstitucional.com.br\/sports\/politica-de-privacidade\/","title":{"rendered":"Pol\u00edtica de Privacidade"},"content":{"rendered":"\r\n<p>A SP SPORTS, obedecendo o que diz a Lei Geral de Prote\u00e7\u00e3o de Dados \u2013 LGPD (13.709\/2018), adota medidas que resguardam e objetivam, de maneira transparente, a prote\u00e7\u00e3o de seus dados pessoais na utiliza\u00e7\u00e3o de nosso site.<\/p>\r\n<p>Essa pol\u00edtica de privacidade \u00e9 um direito seu garantido por n\u00f3s em toda a rede do grupo SP SPORTS.<\/p>\r\n<p>Com rela\u00e7\u00e3o aos seus dados pessoais de endere\u00e7amento, pagamento e conte\u00fado do pedido, voc\u00ea pode estar certo de que n\u00e3o ser\u00e3o utilizados para outros fins que n\u00e3o o de processamento dos pedidos realizados e a\u00e7\u00f5es de marketing, n\u00e3o sendo, portanto, divulgados externamente em hip\u00f3tese alguma.<\/p>\r\n<p>Com rela\u00e7\u00e3o \u00e0 seguran\u00e7a no tr\u00e1fego de dados, toda transa\u00e7\u00e3o que envolver pagamento, seja por cart\u00e3o de cr\u00e9dito ou n\u00e3o, estar\u00e1 criptografada com a tecnologia SSL (Secure Socket Layer). Isso significa que somente nossa empresa ter\u00e1 acesso a estes dados.<\/p>\r\n<p>A SP SPORTS utiliza cookies apenas para guardar informa\u00e7\u00f5es do seu carrinho de compras, o que facilita e agiliza sua compra, para que isto ocorra instalamos \u201ccookies\u201d no seu computador.<br \/>Eles s\u00e3o identificadores alfanum\u00e9ricos que transferimos para o drive do seu micro a fim de possibilitar o reconhecimento do seu browser pelo nosso sistema. Desta forma o site SP SPORTS \u00e9 100% seguro.<\/p>\r\n<h2 class=\"wp-block-heading\">Mudan\u00e7as na Pol\u00edtica de Privacidade<\/h2>\r\n<p>Essa \u00e9 uma pol\u00edtica que pode sofrer altera\u00e7\u00f5es a qualquer momento, a depender da legisla\u00e7\u00e3o vigente.<\/p>\r\n<h2><br \/>POL\u00cdTICA GERAL DE SEGURAN\u00c7A<\/h2>\r\n<p>A pol\u00edtica de privacidade da SP SPORTS foi elaborada para validar nosso compromisso com a privacidade e a seguran\u00e7a de dados e informa\u00e7\u00f5es coletadas de nossos clientes.<\/p>\r\n<p>N\u00e3o comercializamos, trocamos ou divulgamos dados cadastrais de nossos clientes para terceiros, exceto quando essas informa\u00e7\u00f5es s\u00e3o necess\u00e1rias para o processo de entrega, e\/ou cobran\u00e7a. Seus dados pessoais s\u00e3o pe\u00e7a fundamental para que seu pedido chegue \u00e0 voc\u00ea com seguran\u00e7a, de acordo com nosso prazo de entrega.<\/p>\r\n<p>Para aumentar ainda mais sua privacidade, n\u00e3o aconselhamos a divulga\u00e7\u00e3o de sua senha a terceiros, mesmo que seja a amigos e\/ou parentes.<\/p>\r\n<p>Compre com seguran\u00e7a em nosso site!<\/p>\r\n<p>Todas as informa\u00e7\u00f5es s\u00e3o codificadas em um software moderno e seguro de prote\u00e7\u00e3o de dados, e arquivadas em um ambiente interno pr\u00f3prio de acesso exclusivo da SP SPORTS. Isso significa que nenhuma informa\u00e7\u00e3o trafega pela rede sem ser criptografada (codificada) utilizando os melhores algoritmos dispon\u00edveis no mercado. A prote\u00e7\u00e3o dos seus dados \u00e9 absoluta.<\/p>\r\n","protected":false},"excerpt":{"rendered":"<p>A SP SPORTS, obedecendo o que diz a Lei Geral de Prote\u00e7\u00e3o de Dados \u2013 LGPD (13.709\/2018), adota medidas que resguardam e objetivam, de maneira transparente, a prote\u00e7\u00e3o de seus dados pessoais na utiliza\u00e7\u00e3o de nosso site. Essa pol\u00edtica de privacidade \u00e9 um direito seu garantido por n\u00f3s em toda a rede do grupo SP&hellip;<\/p>\n","protected":false},"author":2,"featured_media":0,"parent":0,"menu_order":0,"comment_status":"closed","ping_status":"open","template":"","meta":{"_joinchat":[],"footnotes":""},"class_list":["post-3","page","type-page","status-publish","hentry","entry","no-media"],"yoast_head":"<!-- This site is optimized with the Yoast SEO plugin v27.4 - https:\/\/yoast.com\/product\/yoast-seo-wordpress\/ -->\n<title>Pol\u00edtica de Privacidade - SP Sports<\/title>\n<meta name=\"robots\" content=\"index, follow, max-snippet:-1, max-image-preview:large, max-video-preview:-1\" \/>\n<link rel=\"canonical\" href=\"https:\/\/spinstitucional.com.br\/sports\/politica-de-privacidade\/\" \/>\n<meta property=\"og:locale\" content=\"pt_BR\" \/>\n<meta property=\"og:type\" content=\"article\" \/>\n<meta property=\"og:title\" content=\"Pol\u00edtica de Privacidade - SP Sports\" \/>\n<meta property=\"og:description\" content=\"A SP SPORTS, obedecendo o que diz a Lei Geral de Prote\u00e7\u00e3o de Dados \u2013 LGPD (13.709\/2018), adota medidas que resguardam e objetivam, de maneira transparente, a prote\u00e7\u00e3o de seus dados pessoais na utiliza\u00e7\u00e3o de nosso site. Essa pol\u00edtica de privacidade \u00e9 um direito seu garantido por n\u00f3s em toda a rede do grupo SP&hellip;\" \/>\n<meta property=\"og:url\" content=\"https:\/\/spinstitucional.com.br\/sports\/politica-de-privacidade\/\" \/>\n<meta property=\"og:site_name\" content=\"SP Sports\" \/>\n<meta property=\"article:publisher\" content=\"https:\/\/www.facebook.com\/spsports1\" \/>\n<meta property=\"article:modified_time\" content=\"2023-03-19T22:49:47+00:00\" \/>\n<meta name=\"twitter:card\" content=\"summary_large_image\" \/>\n<meta name=\"twitter:label1\" content=\"Est. tempo de leitura\" \/>\n\t<meta name=\"twitter:data1\" content=\"2 minutos\" \/>\n<script type=\"application\/ld+json\" class=\"yoast-schema-graph\">{\"@context\":\"https:\\\/\\\/schema.org\",\"@graph\":[{\"@type\":\"WebPage\",\"@id\":\"https:\\\/\\\/spinstitucional.com.br\\\/sports\\\/politica-de-privacidade\\\/\",\"url\":\"https:\\\/\\\/spinstitucional.com.br\\\/sports\\\/politica-de-privacidade\\\/\",\"name\":\"Pol\u00edtica de Privacidade - SP Sports\",\"isPartOf\":{\"@id\":\"https:\\\/\\\/spinstitucional.com.br\\\/sports\\\/#website\"},\"datePublished\":\"2020-02-01T20:19:44+00:00\",\"dateModified\":\"2023-03-19T22:49:47+00:00\",\"breadcrumb\":{\"@id\":\"https:\\\/\\\/spinstitucional.com.br\\\/sports\\\/politica-de-privacidade\\\/#breadcrumb\"},\"inLanguage\":\"pt-BR\",\"potentialAction\":[{\"@type\":\"ReadAction\",\"target\":[\"https:\\\/\\\/spinstitucional.com.br\\\/sports\\\/politica-de-privacidade\\\/\"]}]},{\"@type\":\"BreadcrumbList\",\"@id\":\"https:\\\/\\\/spinstitucional.com.br\\\/sports\\\/politica-de-privacidade\\\/#breadcrumb\",\"itemListElement\":[{\"@type\":\"ListItem\",\"position\":1,\"name\":\"In\u00edcio\",\"item\":\"https:\\\/\\\/spinstitucional.com.br\\\/sports\\\/\"},{\"@type\":\"ListItem\",\"position\":2,\"name\":\"Pol\u00edtica de Privacidade\"}]},{\"@type\":\"WebSite\",\"@id\":\"https:\\\/\\\/spinstitucional.com.br\\\/sports\\\/#website\",\"url\":\"https:\\\/\\\/spinstitucional.com.br\\\/sports\\\/\",\"name\":\"SP Sports\",\"description\":\"Loja De Artigos Esportivos !\",\"publisher\":{\"@id\":\"https:\\\/\\\/spinstitucional.com.br\\\/sports\\\/#organization\"},\"potentialAction\":[{\"@type\":\"SearchAction\",\"target\":{\"@type\":\"EntryPoint\",\"urlTemplate\":\"https:\\\/\\\/spinstitucional.com.br\\\/sports\\\/?s={search_term_string}\"},\"query-input\":{\"@type\":\"PropertyValueSpecification\",\"valueRequired\":true,\"valueName\":\"search_term_string\"}}],\"inLanguage\":\"pt-BR\"},{\"@type\":\"Organization\",\"@id\":\"https:\\\/\\\/spinstitucional.com.br\\\/sports\\\/#organization\",\"name\":\"SP Sports\",\"url\":\"https:\\\/\\\/spinstitucional.com.br\\\/sports\\\/\",\"logo\":{\"@type\":\"ImageObject\",\"inLanguage\":\"pt-BR\",\"@id\":\"https:\\\/\\\/spinstitucional.com.br\\\/sports\\\/#\\\/schema\\\/logo\\\/image\\\/\",\"url\":\"https:\\\/\\\/spinstitucional.com.br\\\/sports\\\/wp-content\\\/uploads\\\/2023\\\/03\\\/logo-sp-sports-150x75-1.png\",\"contentUrl\":\"https:\\\/\\\/spinstitucional.com.br\\\/sports\\\/wp-content\\\/uploads\\\/2023\\\/03\\\/logo-sp-sports-150x75-1.png\",\"width\":150,\"height\":75,\"caption\":\"SP Sports\"},\"image\":{\"@id\":\"https:\\\/\\\/spinstitucional.com.br\\\/sports\\\/#\\\/schema\\\/logo\\\/image\\\/\"},\"sameAs\":[\"https:\\\/\\\/www.facebook.com\\\/spsports1\",\"https:\\\/\\\/www.instagram.com\\\/sp__sports\\\/\"]}]}<\/script>\n<!-- \/ Yoast SEO plugin. -->","yoast_head_json":{"title":"Pol\u00edtica de Privacidade - SP Sports","robots":{"index":"index","follow":"follow","max-snippet":"max-snippet:-1","max-image-preview":"max-image-preview:large","max-video-preview":"max-video-preview:-1"},"canonical":"https:\/\/spinstitucional.com.br\/sports\/politica-de-privacidade\/","og_locale":"pt_BR","og_type":"article","og_title":"Pol\u00edtica de Privacidade - SP Sports","og_description":"A SP SPORTS, obedecendo o que diz a Lei Geral de Prote\u00e7\u00e3o de Dados \u2013 LGPD (13.709\/2018), adota medidas que resguardam e objetivam, de maneira transparente, a prote\u00e7\u00e3o de seus dados pessoais na utiliza\u00e7\u00e3o de nosso site. Essa pol\u00edtica de privacidade \u00e9 um direito seu garantido por n\u00f3s em toda a rede do grupo SP&hellip;","og_url":"https:\/\/spinstitucional.com.br\/sports\/politica-de-privacidade\/","og_site_name":"SP Sports","article_publisher":"https:\/\/www.facebook.com\/spsports1","article_modified_time":"2023-03-19T22:49:47+00:00","twitter_card":"summary_large_image","twitter_misc":{"Est. tempo de leitura":"2 minutos"},"schema":{"@context":"https:\/\/schema.org","@graph":[{"@type":"WebPage","@id":"https:\/\/spinstitucional.com.br\/sports\/politica-de-privacidade\/","url":"https:\/\/spinstitucional.com.br\/sports\/politica-de-privacidade\/","name":"Pol\u00edtica de Privacidade - SP Sports","isPartOf":{"@id":"https:\/\/spinstitucional.com.br\/sports\/#website"},"datePublished":"2020-02-01T20:19:44+00:00","dateModified":"2023-03-19T22:49:47+00:00","breadcrumb":{"@id":"https:\/\/spinstitucional.com.br\/sports\/politica-de-privacidade\/#breadcrumb"},"inLanguage":"pt-BR","potentialAction":[{"@type":"ReadAction","target":["https:\/\/spinstitucional.com.br\/sports\/politica-de-privacidade\/"]}]},{"@type":"BreadcrumbList","@id":"https:\/\/spinstitucional.com.br\/sports\/politica-de-privacidade\/#breadcrumb","itemListElement":[{"@type":"ListItem","position":1,"name":"In\u00edcio","item":"https:\/\/spinstitucional.com.br\/sports\/"},{"@type":"ListItem","position":2,"name":"Pol\u00edtica de Privacidade"}]},{"@type":"WebSite","@id":"https:\/\/spinstitucional.com.br\/sports\/#website","url":"https:\/\/spinstitucional.com.br\/sports\/","name":"SP Sports","description":"Loja De Artigos Esportivos !","publisher":{"@id":"https:\/\/spinstitucional.com.br\/sports\/#organization"},"potentialAction":[{"@type":"SearchAction","target":{"@type":"EntryPoint","urlTemplate":"https:\/\/spinstitucional.com.br\/sports\/?s={search_term_string}"},"query-input":{"@type":"PropertyValueSpecification","valueRequired":true,"valueName":"search_term_string"}}],"inLanguage":"pt-BR"},{"@type":"Organization","@id":"https:\/\/spinstitucional.com.br\/sports\/#organization","name":"SP Sports","url":"https:\/\/spinstitucional.com.br\/sports\/","logo":{"@type":"ImageObject","inLanguage":"pt-BR","@id":"https:\/\/spinstitucional.com.br\/sports\/#\/schema\/logo\/image\/","url":"https:\/\/spinstitucional.com.br\/sports\/wp-content\/uploads\/2023\/03\/logo-sp-sports-150x75-1.png","contentUrl":"https:\/\/spinstitucional.com.br\/sports\/wp-content\/uploads\/2023\/03\/logo-sp-sports-150x75-1.png","width":150,"height":75,"caption":"SP Sports"},"image":{"@id":"https:\/\/spinstitucional.com.br\/sports\/#\/schema\/logo\/image\/"},"sameAs":["https:\/\/www.facebook.com\/spsports1","https:\/\/www.instagram.com\/sp__sports\/"]}]}},"_links":{"self":[{"href":"https:\/\/spinstitucional.com.br\/sports\/wp-json\/wp\/v2\/pages\/3","targetHints":{"allow":["GET"]}}],"collection":[{"href":"https:\/\/spinstitucional.com.br\/sports\/wp-json\/wp\/v2\/pages"}],"about":[{"href":"https:\/\/spinstitucional.com.br\/sports\/wp-json\/wp\/v2\/types\/page"}],"author":[{"embeddable":true,"href":"https:\/\/spinstitucional.com.br\/sports\/wp-json\/wp\/v2\/users\/2"}],"replies":[{"embeddable":true,"href":"https:\/\/spinstitucional.com.br\/sports\/wp-json\/wp\/v2\/comments?post=3"}],"version-history":[{"count":2,"href":"https:\/\/spinstitucional.com.br\/sports\/wp-json\/wp\/v2\/pages\/3\/revisions"}],"predecessor-version":[{"id":186,"href":"https:\/\/spinstitucional.com.br\/sports\/wp-json\/wp\/v2\/pages\/3\/revisions\/186"}],"wp:attachment":[{"href":"https:\/\/spinstitucional.com.br\/sports\/wp-json\/wp\/v2\/media?parent=3"}],"curies":[{"name":"wp","href":"https:\/\/api.w.org\/{rel}","templated":true}]}}