{"id":287,"date":"2023-03-22T14:20:47","date_gmt":"2023-03-22T17:20:47","guid":{"rendered":"https:\/\/spinstitucional.com.br\/sports\/produto\/bolsa-esportiva-para-academia-treino-viagem-impermeavel\/"},"modified":"2023-10-04T15:42:57","modified_gmt":"2023-10-04T18:42:57","slug":"bolsa-esportiva-para-academia-treino-viagem-impermeavel","status":"publish","type":"product","link":"https:\/\/spinstitucional.com.br\/sports\/produto\/bolsa-esportiva-para-academia-treino-viagem-impermeavel\/","title":{"rendered":"Bolsa Esportiva Para Academia Treino Viagem Imperme\u00e1vel"},"content":{"rendered":"<p class=\"MsoNormal\"><span style=\"font-size: 12.0pt; line-height: 107%; font-family: 'Arial',sans-serif;\">ENVIO IMEDIATO PARA TODO O BRASIL<\/span><\/p>\n<p class=\"MsoNormal\"><span style=\"font-size: 12.0pt; line-height: 107%; font-family: 'Arial',sans-serif;\">A Bolsa Esportiva SP Sports \u00e9 ideal para quem busca praticidade para levar seus itens para treinos. <\/span><\/p>\n<p class=\"MsoNormal\"><span style=\"font-size: 12.0pt; line-height: 107%; font-family: 'Arial',sans-serif;\">Desenvolvida para voc\u00ea ter todo o espa\u00e7o que precisa para carregar o que for mais importante por perto para o seu dia a dia, a bolsa conta com um amplo compartimento principal e com diferentes compartimentos menores, o modelo possui uma al\u00e7a ajust\u00e1vel. <\/span><\/p>\n<p class=\"MsoNormal\"><span style=\"font-size: 12.0pt; line-height: 107%; font-family: 'Arial',sans-serif;\">\u00a0<\/span><\/p>\n<p class=\"MsoNormal\"><span style=\"font-size: 12.0pt; line-height: 107%; font-family: 'Arial',sans-serif;\">Benef\u00edcios <\/span><\/p>\n<p class=\"MsoNormal\"><span style=\"font-size: 12.0pt; line-height: 107%; font-family: 'Arial',sans-serif;\">Imperme\u00e1vel &#8211; resist\u00eancia \u00e0 \u00e1gua;<\/span><\/p>\n<p class=\"MsoNormal\"><span style=\"font-size: 12.0pt; line-height: 107%; font-family: 'Arial',sans-serif;\">Al\u00e7a ajust\u00e1vel;<\/span><\/p>\n<p class=\"MsoNormal\"><span style=\"font-size: 12.0pt; line-height: 107%; font-family: 'Arial',sans-serif;\">Resistente a rasgos;<\/span><\/p>\n<p class=\"MsoNormal\"><span style=\"font-size: 12.0pt; line-height: 107%; font-family: 'Arial',sans-serif;\">Material de alta qualidade;<\/span><\/p>\n<p class=\"MsoNormal\"><span style=\"font-size: 12.0pt; line-height: 107%; font-family: 'Arial',sans-serif;\">Compartimento especial separado para acess\u00f3rios sujos\/molhados;<\/span><\/p>\n<p class=\"MsoNormal\"><span style=\"font-size: 12.0pt; line-height: 107%; font-family: 'Arial',sans-serif;\">\u00a0<\/span><\/p>\n<p class=\"MsoNormal\"><span style=\"font-size: 12.0pt; line-height: 107%; font-family: 'Arial',sans-serif;\">Detalhes T\u00e9cnicos<\/span><\/p>\n<p class=\"MsoNormal\"><span style=\"font-size: 12.0pt; line-height: 107%; font-family: 'Arial',sans-serif;\">Possui um compartimento especial para armazenar os t\u00eanis separadamente, enquanto os bolsos internos e externos ajudam a manter a organiza\u00e7\u00e3o dos seus itens essenciais de treino.<\/span><\/p>\n<p class=\"MsoNormal\"><span style=\"font-size: 12.0pt; line-height: 107%; font-family: 'Arial',sans-serif;\">Confeccionada em Nylon 70 PVC 100% Poliamida, possui acabamento de resina com efeito plastificado e levemente texturizado. Tem resist\u00eancia \u00e0 \u00e1gua, ao rasgo, esgar\u00e7amento e desfiamento.<\/span><\/p>\n<p class=\"MsoNormal\"><span style=\"font-size: 12.0pt; line-height: 107%; font-family: 'Arial',sans-serif;\">\u00a0<\/span><\/p>\n<p class=\"MsoNormal\"><span style=\"font-size: 12.0pt; line-height: 107%; font-family: 'Arial',sans-serif;\">Compartimentos<\/span><\/p>\n<p class=\"MsoNormal\"><span style=\"font-size: 12.0pt; line-height: 107%; font-family: 'Arial',sans-serif;\">Posterior \u2013 3<\/span><\/p>\n<p class=\"MsoNormal\"><span style=\"font-size: 12.0pt; line-height: 107%; font-family: 'Arial',sans-serif;\">Frontal \u2013 1<\/span><\/p>\n<p class=\"MsoNormal\"><span style=\"font-size: 12.0pt; line-height: 107%; font-family: 'Arial',sans-serif;\">Lateral Esquerda \u2013 1<\/span><\/p>\n<p class=\"MsoNormal\"><span style=\"font-size: 12.0pt; line-height: 107%; font-family: 'Arial',sans-serif;\">Central \u2013 1 <\/span><\/p>\n<p>&nbsp;<\/p>\n<p class=\"MsoNormal\"><span style=\"font-size: 12.0pt; line-height: 107%; font-family: 'Arial',sans-serif;\">Material<\/span><\/p>\n<p class=\"MsoNormal\"><span style=\"font-size: 12.0pt; line-height: 107%; font-family: 'Arial',sans-serif;\">Nylon 70 PVC\u00a0 100% Poliamida;<\/span><\/p>\n<p class=\"MsoNormal\"><span style=\"font-size: 12.0pt; line-height: 107%; font-family: 'Arial',sans-serif;\">Acabamento de resina com efeito plastificado e levemente texturizado.<\/span><\/p>\n<p class=\"MsoNormal\"><span style=\"font-size: 12.0pt; line-height: 107%; font-family: 'Arial',sans-serif;\">\u00a0<\/span><\/p>\n<p class=\"MsoNormal\"><span style=\"font-size: 12pt; line-height: 17.12px; font-family: Arial, sans-serif;\">Medidas Aprox:<\/span><\/p>\n<p class=\"MsoNormal\"><span style=\"font-size: 12pt; line-height: 17.12px; font-family: Arial, sans-serif;\">Comprimento: 52cm<\/span><\/p>\n<p class=\"MsoNormal\"><span style=\"font-size: 12pt; line-height: 17.12px; font-family: Arial, sans-serif;\">Altura: 32cm<\/span><\/p>\n<p class=\"MsoNormal\"><span style=\"font-size: 12pt; line-height: 17.12px; font-family: Arial, sans-serif;\">Largura: 26cm<\/span><\/p>\n","protected":false},"excerpt":{"rendered":"<p>ENVIO IMEDIATO PARA TODO O BRASIL A Bolsa Esportiva SP Sports \u00e9 ideal para quem busca praticidade para levar seus itens para treinos. Desenvolvida para voc\u00ea ter todo o espa\u00e7o que precisa para carregar o que for mais importante por perto para o seu dia a dia, a bolsa conta com um amplo compartimento principal&hellip;<\/p>\n","protected":false},"featured_media":280,"comment_status":"open","ping_status":"closed","template":"","meta":{"_joinchat":[]},"product_brand":[],"product_cat":[25],"product_tag":[],"class_list":{"0":"post-287","1":"product","2":"type-product","3":"status-publish","4":"has-post-thumbnail","6":"product_cat-bolsas","7":"entry","8":"has-media","10":"first","11":"outofstock","12":"sale","13":"shipping-taxable","14":"purchasable","15":"product-type-variable"},"yoast_head":"<!-- This site is optimized with the Yoast SEO plugin v27.4 - https:\/\/yoast.com\/product\/yoast-seo-wordpress\/ -->\n<title>Bolsa Esportiva Para Academia Treino Viagem Imperme\u00e1vel - SP Sports<\/title>\n<meta name=\"robots\" content=\"index, follow, max-snippet:-1, max-image-preview:large, max-video-preview:-1\" \/>\n<link rel=\"canonical\" href=\"https:\/\/spinstitucional.com.br\/sports\/produto\/bolsa-esportiva-para-academia-treino-viagem-impermeavel\/\" \/>\n<meta property=\"og:locale\" content=\"pt_BR\" \/>\n<meta property=\"og:type\" content=\"article\" \/>\n<meta property=\"og:title\" content=\"Bolsa Esportiva Para Academia Treino Viagem Imperme\u00e1vel - SP Sports\" \/>\n<meta property=\"og:description\" content=\"ENVIO IMEDIATO PARA TODO O BRASIL A Bolsa Esportiva SP Sports \u00e9 ideal para quem busca praticidade para levar seus itens para treinos. Desenvolvida para voc\u00ea ter todo o espa\u00e7o que precisa para carregar o que for mais importante por perto para o seu dia a dia, a bolsa conta com um amplo compartimento principal&hellip;\" \/>\n<meta property=\"og:url\" content=\"https:\/\/spinstitucional.com.br\/sports\/produto\/bolsa-esportiva-para-academia-treino-viagem-impermeavel\/\" \/>\n<meta property=\"og:site_name\" content=\"SP Sports\" \/>\n<meta property=\"article:publisher\" content=\"https:\/\/www.facebook.com\/spsports1\" \/>\n<meta property=\"article:modified_time\" content=\"2023-10-04T18:42:57+00:00\" \/>\n<meta property=\"og:image\" content=\"https:\/\/spinstitucional.com.br\/sports\/wp-content\/uploads\/2023\/03\/15173640423_Bolsa_Esportiva_Para_Academia_Lateral_Impermeavel_Multiuso_201.jpg\" \/>\n\t<meta property=\"og:image:width\" content=\"1200\" \/>\n\t<meta property=\"og:image:height\" content=\"1200\" \/>\n\t<meta property=\"og:image:type\" content=\"image\/jpeg\" \/>\n<meta name=\"twitter:card\" content=\"summary_large_image\" \/>\n<meta name=\"twitter:label1\" content=\"Est. tempo de leitura\" \/>\n\t<meta name=\"twitter:data1\" content=\"1 minuto\" \/>\n<script type=\"application\/ld+json\" class=\"yoast-schema-graph\">{\"@context\":\"https:\\\/\\\/schema.org\",\"@graph\":[{\"@type\":\"WebPage\",\"@id\":\"https:\\\/\\\/spinstitucional.com.br\\\/sports\\\/produto\\\/bolsa-esportiva-para-academia-treino-viagem-impermeavel\\\/\",\"url\":\"https:\\\/\\\/spinstitucional.com.br\\\/sports\\\/produto\\\/bolsa-esportiva-para-academia-treino-viagem-impermeavel\\\/\",\"name\":\"Bolsa Esportiva Para Academia Treino Viagem Imperme\u00e1vel - SP Sports\",\"isPartOf\":{\"@id\":\"https:\\\/\\\/spinstitucional.com.br\\\/sports\\\/#website\"},\"primaryImageOfPage\":{\"@id\":\"https:\\\/\\\/spinstitucional.com.br\\\/sports\\\/produto\\\/bolsa-esportiva-para-academia-treino-viagem-impermeavel\\\/#primaryimage\"},\"image\":{\"@id\":\"https:\\\/\\\/spinstitucional.com.br\\\/sports\\\/produto\\\/bolsa-esportiva-para-academia-treino-viagem-impermeavel\\\/#primaryimage\"},\"thumbnailUrl\":\"https:\\\/\\\/spinstitucional.com.br\\\/sports\\\/wp-content\\\/uploads\\\/2023\\\/03\\\/15173640423_Bolsa_Esportiva_Para_Academia_Lateral_Impermeavel_Multiuso_201.jpg\",\"datePublished\":\"2023-03-22T17:20:47+00:00\",\"dateModified\":\"2023-10-04T18:42:57+00:00\",\"breadcrumb\":{\"@id\":\"https:\\\/\\\/spinstitucional.com.br\\\/sports\\\/produto\\\/bolsa-esportiva-para-academia-treino-viagem-impermeavel\\\/#breadcrumb\"},\"inLanguage\":\"pt-BR\",\"potentialAction\":[{\"@type\":\"ReadAction\",\"target\":[\"https:\\\/\\\/spinstitucional.com.br\\\/sports\\\/produto\\\/bolsa-esportiva-para-academia-treino-viagem-impermeavel\\\/\"]}]},{\"@type\":\"ImageObject\",\"inLanguage\":\"pt-BR\",\"@id\":\"https:\\\/\\\/spinstitucional.com.br\\\/sports\\\/produto\\\/bolsa-esportiva-para-academia-treino-viagem-impermeavel\\\/#primaryimage\",\"url\":\"https:\\\/\\\/spinstitucional.com.br\\\/sports\\\/wp-content\\\/uploads\\\/2023\\\/03\\\/15173640423_Bolsa_Esportiva_Para_Academia_Lateral_Impermeavel_Multiuso_201.jpg\",\"contentUrl\":\"https:\\\/\\\/spinstitucional.com.br\\\/sports\\\/wp-content\\\/uploads\\\/2023\\\/03\\\/15173640423_Bolsa_Esportiva_Para_Academia_Lateral_Impermeavel_Multiuso_201.jpg\",\"width\":1200,\"height\":1200},{\"@type\":\"BreadcrumbList\",\"@id\":\"https:\\\/\\\/spinstitucional.com.br\\\/sports\\\/produto\\\/bolsa-esportiva-para-academia-treino-viagem-impermeavel\\\/#breadcrumb\",\"itemListElement\":[{\"@type\":\"ListItem\",\"position\":1,\"name\":\"In\u00edcio\",\"item\":\"https:\\\/\\\/spinstitucional.com.br\\\/sports\\\/\"},{\"@type\":\"ListItem\",\"position\":2,\"name\":\"Loja\",\"item\":\"https:\\\/\\\/spinstitucional.com.br\\\/sports\\\/loja\\\/\"},{\"@type\":\"ListItem\",\"position\":3,\"name\":\"Bolsa Esportiva Para Academia Treino Viagem Imperme\u00e1vel\"}]},{\"@type\":\"WebSite\",\"@id\":\"https:\\\/\\\/spinstitucional.com.br\\\/sports\\\/#website\",\"url\":\"https:\\\/\\\/spinstitucional.com.br\\\/sports\\\/\",\"name\":\"SP Sports\",\"description\":\"Loja De Artigos Esportivos !\",\"publisher\":{\"@id\":\"https:\\\/\\\/spinstitucional.com.br\\\/sports\\\/#organization\"},\"potentialAction\":[{\"@type\":\"SearchAction\",\"target\":{\"@type\":\"EntryPoint\",\"urlTemplate\":\"https:\\\/\\\/spinstitucional.com.br\\\/sports\\\/?s={search_term_string}\"},\"query-input\":{\"@type\":\"PropertyValueSpecification\",\"valueRequired\":true,\"valueName\":\"search_term_string\"}}],\"inLanguage\":\"pt-BR\"},{\"@type\":\"Organization\",\"@id\":\"https:\\\/\\\/spinstitucional.com.br\\\/sports\\\/#organization\",\"name\":\"SP Sports\",\"url\":\"https:\\\/\\\/spinstitucional.com.br\\\/sports\\\/\",\"logo\":{\"@type\":\"ImageObject\",\"inLanguage\":\"pt-BR\",\"@id\":\"https:\\\/\\\/spinstitucional.com.br\\\/sports\\\/#\\\/schema\\\/logo\\\/image\\\/\",\"url\":\"https:\\\/\\\/spinstitucional.com.br\\\/sports\\\/wp-content\\\/uploads\\\/2023\\\/03\\\/logo-sp-sports-150x75-1.png\",\"contentUrl\":\"https:\\\/\\\/spinstitucional.com.br\\\/sports\\\/wp-content\\\/uploads\\\/2023\\\/03\\\/logo-sp-sports-150x75-1.png\",\"width\":150,\"height\":75,\"caption\":\"SP Sports\"},\"image\":{\"@id\":\"https:\\\/\\\/spinstitucional.com.br\\\/sports\\\/#\\\/schema\\\/logo\\\/image\\\/\"},\"sameAs\":[\"https:\\\/\\\/www.facebook.com\\\/spsports1\",\"https:\\\/\\\/www.instagram.com\\\/sp__sports\\\/\"]}]}<\/script>\n<!-- \/ Yoast SEO plugin. -->","yoast_head_json":{"title":"Bolsa Esportiva Para Academia Treino Viagem Imperme\u00e1vel - SP Sports","robots":{"index":"index","follow":"follow","max-snippet":"max-snippet:-1","max-image-preview":"max-image-preview:large","max-video-preview":"max-video-preview:-1"},"canonical":"https:\/\/spinstitucional.com.br\/sports\/produto\/bolsa-esportiva-para-academia-treino-viagem-impermeavel\/","og_locale":"pt_BR","og_type":"article","og_title":"Bolsa Esportiva Para Academia Treino Viagem Imperme\u00e1vel - SP Sports","og_description":"ENVIO IMEDIATO PARA TODO O BRASIL A Bolsa Esportiva SP Sports \u00e9 ideal para quem busca praticidade para levar seus itens para treinos. Desenvolvida para voc\u00ea ter todo o espa\u00e7o que precisa para carregar o que for mais importante por perto para o seu dia a dia, a bolsa conta com um amplo compartimento principal&hellip;","og_url":"https:\/\/spinstitucional.com.br\/sports\/produto\/bolsa-esportiva-para-academia-treino-viagem-impermeavel\/","og_site_name":"SP Sports","article_publisher":"https:\/\/www.facebook.com\/spsports1","article_modified_time":"2023-10-04T18:42:57+00:00","og_image":[{"width":1200,"height":1200,"url":"https:\/\/spinstitucional.com.br\/sports\/wp-content\/uploads\/2023\/03\/15173640423_Bolsa_Esportiva_Para_Academia_Lateral_Impermeavel_Multiuso_201.jpg","type":"image\/jpeg"}],"twitter_card":"summary_large_image","twitter_misc":{"Est. tempo de leitura":"1 minuto"},"schema":{"@context":"https:\/\/schema.org","@graph":[{"@type":"WebPage","@id":"https:\/\/spinstitucional.com.br\/sports\/produto\/bolsa-esportiva-para-academia-treino-viagem-impermeavel\/","url":"https:\/\/spinstitucional.com.br\/sports\/produto\/bolsa-esportiva-para-academia-treino-viagem-impermeavel\/","name":"Bolsa Esportiva Para Academia Treino Viagem Imperme\u00e1vel - SP Sports","isPartOf":{"@id":"https:\/\/spinstitucional.com.br\/sports\/#website"},"primaryImageOfPage":{"@id":"https:\/\/spinstitucional.com.br\/sports\/produto\/bolsa-esportiva-para-academia-treino-viagem-impermeavel\/#primaryimage"},"image":{"@id":"https:\/\/spinstitucional.com.br\/sports\/produto\/bolsa-esportiva-para-academia-treino-viagem-impermeavel\/#primaryimage"},"thumbnailUrl":"https:\/\/spinstitucional.com.br\/sports\/wp-content\/uploads\/2023\/03\/15173640423_Bolsa_Esportiva_Para_Academia_Lateral_Impermeavel_Multiuso_201.jpg","datePublished":"2023-03-22T17:20:47+00:00","dateModified":"2023-10-04T18:42:57+00:00","breadcrumb":{"@id":"https:\/\/spinstitucional.com.br\/sports\/produto\/bolsa-esportiva-para-academia-treino-viagem-impermeavel\/#breadcrumb"},"inLanguage":"pt-BR","potentialAction":[{"@type":"ReadAction","target":["https:\/\/spinstitucional.com.br\/sports\/produto\/bolsa-esportiva-para-academia-treino-viagem-impermeavel\/"]}]},{"@type":"ImageObject","inLanguage":"pt-BR","@id":"https:\/\/spinstitucional.com.br\/sports\/produto\/bolsa-esportiva-para-academia-treino-viagem-impermeavel\/#primaryimage","url":"https:\/\/spinstitucional.com.br\/sports\/wp-content\/uploads\/2023\/03\/15173640423_Bolsa_Esportiva_Para_Academia_Lateral_Impermeavel_Multiuso_201.jpg","contentUrl":"https:\/\/spinstitucional.com.br\/sports\/wp-content\/uploads\/2023\/03\/15173640423_Bolsa_Esportiva_Para_Academia_Lateral_Impermeavel_Multiuso_201.jpg","width":1200,"height":1200},{"@type":"BreadcrumbList","@id":"https:\/\/spinstitucional.com.br\/sports\/produto\/bolsa-esportiva-para-academia-treino-viagem-impermeavel\/#breadcrumb","itemListElement":[{"@type":"ListItem","position":1,"name":"In\u00edcio","item":"https:\/\/spinstitucional.com.br\/sports\/"},{"@type":"ListItem","position":2,"name":"Loja","item":"https:\/\/spinstitucional.com.br\/sports\/loja\/"},{"@type":"ListItem","position":3,"name":"Bolsa Esportiva Para Academia Treino Viagem Imperme\u00e1vel"}]},{"@type":"WebSite","@id":"https:\/\/spinstitucional.com.br\/sports\/#website","url":"https:\/\/spinstitucional.com.br\/sports\/","name":"SP Sports","description":"Loja De Artigos Esportivos !","publisher":{"@id":"https:\/\/spinstitucional.com.br\/sports\/#organization"},"potentialAction":[{"@type":"SearchAction","target":{"@type":"EntryPoint","urlTemplate":"https:\/\/spinstitucional.com.br\/sports\/?s={search_term_string}"},"query-input":{"@type":"PropertyValueSpecification","valueRequired":true,"valueName":"search_term_string"}}],"inLanguage":"pt-BR"},{"@type":"Organization","@id":"https:\/\/spinstitucional.com.br\/sports\/#organization","name":"SP Sports","url":"https:\/\/spinstitucional.com.br\/sports\/","logo":{"@type":"ImageObject","inLanguage":"pt-BR","@id":"https:\/\/spinstitucional.com.br\/sports\/#\/schema\/logo\/image\/","url":"https:\/\/spinstitucional.com.br\/sports\/wp-content\/uploads\/2023\/03\/logo-sp-sports-150x75-1.png","contentUrl":"https:\/\/spinstitucional.com.br\/sports\/wp-content\/uploads\/2023\/03\/logo-sp-sports-150x75-1.png","width":150,"height":75,"caption":"SP Sports"},"image":{"@id":"https:\/\/spinstitucional.com.br\/sports\/#\/schema\/logo\/image\/"},"sameAs":["https:\/\/www.facebook.com\/spsports1","https:\/\/www.instagram.com\/sp__sports\/"]}]}},"_links":{"self":[{"href":"https:\/\/spinstitucional.com.br\/sports\/wp-json\/wp\/v2\/product\/287","targetHints":{"allow":["GET"]}}],"collection":[{"href":"https:\/\/spinstitucional.com.br\/sports\/wp-json\/wp\/v2\/product"}],"about":[{"href":"https:\/\/spinstitucional.com.br\/sports\/wp-json\/wp\/v2\/types\/product"}],"replies":[{"embeddable":true,"href":"https:\/\/spinstitucional.com.br\/sports\/wp-json\/wp\/v2\/comments?post=287"}],"wp:featuredmedia":[{"embeddable":true,"href":"https:\/\/spinstitucional.com.br\/sports\/wp-json\/wp\/v2\/media\/280"}],"wp:attachment":[{"href":"https:\/\/spinstitucional.com.br\/sports\/wp-json\/wp\/v2\/media?parent=287"}],"wp:term":[{"taxonomy":"product_brand","embeddable":true,"href":"https:\/\/spinstitucional.com.br\/sports\/wp-json\/wp\/v2\/product_brand?post=287"},{"taxonomy":"product_cat","embeddable":true,"href":"https:\/\/spinstitucional.com.br\/sports\/wp-json\/wp\/v2\/product_cat?post=287"},{"taxonomy":"product_tag","embeddable":true,"href":"https:\/\/spinstitucional.com.br\/sports\/wp-json\/wp\/v2\/product_tag?post=287"}],"curies":[{"name":"wp","href":"https:\/\/api.w.org\/{rel}","templated":true}]}}